{"id":184,"date":"2024-09-16T09:56:17","date_gmt":"2024-09-16T07:56:17","guid":{"rendered":"https:\/\/unmannedpolsl.wordpress.com\/?page_id=184"},"modified":"2024-09-16T09:56:17","modified_gmt":"2024-09-16T07:56:17","slug":"energetyka","status":"publish","type":"page","link":"https:\/\/sknunmanned.polsl.pl\/?page_id=184","title":{"rendered":"Zastosowanie bezza\u0142ogowych statk\u00f3w powietrznych w badaniach termowizyjnych infrastruktury energetycznej."},"content":{"rendered":"\n<figure class=\"wp-block-image size-large is-resized\"><img loading=\"lazy\" decoding=\"async\" width=\"1278\" height=\"719\" src=\"https:\/\/sknunmanned.polsl.pl\/wp-content\/uploads\/2024\/09\/dji_20240613130429_0001_s-edited.jpg\" alt=\"\" class=\"wp-image-191\" style=\"width:699px;height:auto\" srcset=\"https:\/\/sknunmanned.polsl.pl\/wp-content\/uploads\/2024\/09\/dji_20240613130429_0001_s-edited.jpg 1278w, https:\/\/sknunmanned.polsl.pl\/wp-content\/uploads\/2024\/09\/dji_20240613130429_0001_s-edited-300x169.jpg 300w, https:\/\/sknunmanned.polsl.pl\/wp-content\/uploads\/2024\/09\/dji_20240613130429_0001_s-edited-1024x576.jpg 1024w, https:\/\/sknunmanned.polsl.pl\/wp-content\/uploads\/2024\/09\/dji_20240613130429_0001_s-edited-768x432.jpg 768w\" sizes=\"auto, (max-width: 1278px) 100vw, 1278px\" \/><\/figure>\n\n\n\n<h3 class=\"wp-block-heading\">Celem projektu jest wykorzystanie technologii bezza\u0142ogowych statk\u00f3w powietrznych do inspekcji lini przesy\u0142owych elektro-energetycznych, w tym m.in. identyfikacja uszkodze\u0144 na podstawie podgl\u0105du z kamer RGB oraz miejsc mog\u0105cych w przysz\u0142o\u015bci skutkowa\u0107 uszkodzeniami sieci na podstawie widoku z kamery termowizyjnej.<\/h3>\n\n\n\n<div data-wp-interactive=\"core\/file\" class=\"wp-block-file\"><object data-wp-bind--hidden=\"!state.hasPdfPreview\" hidden class=\"wp-block-file__embed\" data=\"https:\/\/unmannedpolsl.wordpress.com\/wp-content\/uploads\/2025\/06\/prezentacja-formatka-1.pdf\" type=\"application\/pdf\" style=\"width:100%;height:600px\" aria-label=\"Osadzone z Prezentacja formatka.\"><\/object><a id=\"wp-block-file--media-47589c24-569c-4574-a4c9-dcfa3db20eff\" href=\"https:\/\/unmannedpolsl.wordpress.com\/wp-content\/uploads\/2025\/06\/prezentacja-formatka-1.pdf\">Prezentacja formatka<\/a><a href=\"https:\/\/unmannedpolsl.wordpress.com\/wp-content\/uploads\/2025\/06\/prezentacja-formatka-1.pdf\" class=\"wp-block-file__button wp-element-button\" download aria-describedby=\"wp-block-file--media-47589c24-569c-4574-a4c9-dcfa3db20eff\">Pobierz<\/a><\/div>\n\n\n\n<div class=\"wp-block-jetpack-slideshow aligncenter\" data-effect=\"slide\"><div class=\"wp-block-jetpack-slideshow_container swiper-container\"><ul class=\"wp-block-jetpack-slideshow_swiper-wrapper swiper-wrapper\"><li class=\"wp-block-jetpack-slideshow_slide swiper-slide\"><figure><img decoding=\"async\" alt=\"\" class=\"wp-block-jetpack-slideshow_image wp-image-186\" data-id=\"186\" src=\"https:\/\/sknunmanned.polsl.pl\/wp-content\/uploads\/2024\/09\/dji_20240613130633_0008_z.jpg?w=1024\" \/><\/figure><\/li><li class=\"wp-block-jetpack-slideshow_slide swiper-slide\"><figure><img decoding=\"async\" alt=\"\" class=\"wp-block-jetpack-slideshow_image wp-image-188\" data-id=\"188\" src=\"https:\/\/sknunmanned.polsl.pl\/wp-content\/uploads\/2024\/09\/dji_20240613131355_0017_z.jpg?w=1024\" \/><\/figure><\/li><li class=\"wp-block-jetpack-slideshow_slide swiper-slide\"><figure><img loading=\"lazy\" decoding=\"async\" width=\"1280\" height=\"1024\" alt=\"\" class=\"wp-block-jetpack-slideshow_image wp-image-189\" data-id=\"189\" src=\"https:\/\/sknunmanned.polsl.pl\/wp-content\/uploads\/2024\/09\/dji_20240613131412_0018_t.jpg?w=1024\" srcset=\"https:\/\/sknunmanned.polsl.pl\/wp-content\/uploads\/2024\/09\/dji_20240613131412_0018_t.jpg 1280w, https:\/\/sknunmanned.polsl.pl\/wp-content\/uploads\/2024\/09\/dji_20240613131412_0018_t-300x240.jpg 300w, https:\/\/sknunmanned.polsl.pl\/wp-content\/uploads\/2024\/09\/dji_20240613131412_0018_t-1024x819.jpg 1024w, https:\/\/sknunmanned.polsl.pl\/wp-content\/uploads\/2024\/09\/dji_20240613131412_0018_t-768x614.jpg 768w\" sizes=\"auto, (max-width: 1280px) 100vw, 1280px\" \/><\/figure><\/li><li class=\"wp-block-jetpack-slideshow_slide swiper-slide\"><figure><img decoding=\"async\" alt=\"\" class=\"wp-block-jetpack-slideshow_image wp-image-187\" data-id=\"187\" src=\"https:\/\/sknunmanned.polsl.pl\/wp-content\/uploads\/2024\/09\/dji_20240613131109_0015_z.jpg?w=1024\" \/><\/figure><\/li><li class=\"wp-block-jetpack-slideshow_slide swiper-slide\"><figure><img decoding=\"async\" alt=\"\" class=\"wp-block-jetpack-slideshow_image wp-image-190\" data-id=\"190\" src=\"https:\/\/sknunmanned.polsl.pl\/wp-content\/uploads\/2024\/09\/dji_20240613131506_0020_z.jpg?w=1024\" \/><\/figure><\/li><\/ul><a class=\"wp-block-jetpack-slideshow_button-prev swiper-button-prev swiper-button-white\" role=\"button\"><\/a><a class=\"wp-block-jetpack-slideshow_button-next swiper-button-next swiper-button-white\" role=\"button\"><\/a><a aria-label=\"Pause Slideshow\" class=\"wp-block-jetpack-slideshow_button-pause\" role=\"button\"><\/a><div class=\"wp-block-jetpack-slideshow_pagination swiper-pagination swiper-pagination-white\"><\/div><\/div><\/div>\n\n\n\n<hr class=\"wp-block-separator has-alpha-channel-opacity\" \/>\n\n\n\n<div class=\"wp-block-group is-nowrap is-layout-flex wp-container-core-group-is-layout-6c531013 wp-block-group-is-layout-flex\">\n<figure class=\"wp-block-image aligncenter size-large is-resized\"><img decoding=\"async\" src=\"https:\/\/sknunmanned.polsl.pl\/wp-content\/uploads\/2025\/05\/tuke_logo.jpg?w=1024\" alt=\"\" class=\"wp-image-258\" style=\"aspect-ratio:1.7903528753546738;width:200px;height:auto\" \/><\/figure>\n\n\n\n<h4 class=\"wp-block-heading has-text-align-center\">Projekt realizowany na Wydziale Transportu i In\u017cynierii Lotniczej w Katowicach przy wsp\u00f3\u0142udziale Leteck\u00e1 fakulta, Technick\u00e1 univerzita v Ko\u0161iciach.<\/h4>\n<\/div>\n\n\n\n<figure class=\"wp-block-pullquote\"><blockquote><p>W ramach programu Inicjatywa Doskona\u0142o\u015bci \u2013 Uczelnia Badawcza realizowanego na Politechnice \u015al\u0105skiej, rok 2024\/2025<\/p><\/blockquote><\/figure>\n\n\n\n<figure class=\"wp-block-pullquote\"><blockquote><p>Laureat w kategorii Projekt Badawczy Roku \u2013 Gala \u015arodowiska Studenckiego Politechniki \u015al\u0105skiej Z\u0119batki 2025  Zabrze, 08.02.2025.&nbsp;<\/p><\/blockquote><\/figure>\n\n\n\n<p class=\"has-text-align-center\">Projekt realizowany w semestrze letnim roku akademickiego 2024\/2025. Okres realizacji marzec &#8211; lipiec 2025.<\/p>\n","protected":false},"excerpt":{"rendered":"<p>Celem projektu jest wykorzystanie technologii bezza\u0142ogowych statk\u00f3w powietrznych do inspekcji lini przesy\u0142owych elektro-energetycznych, w tym m.in. identyfikacja uszkodze\u0144 na podstawie podgl\u0105du z kamer RGB oraz miejsc mog\u0105cych w przysz\u0142o\u015bci skutkowa\u0107 uszkodzeniami sieci na podstawie widoku z kamery termowizyjnej. Projekt realizowany na Wydziale Transportu i In\u017cynierii Lotniczej w Katowicach przy wsp\u00f3\u0142udziale Leteck\u00e1 fakulta, Technick\u00e1 univerzita v [&hellip;]<\/p>\n","protected":false},"author":3,"featured_media":0,"parent":0,"menu_order":0,"comment_status":"closed","ping_status":"closed","template":"","meta":{"footnotes":""},"class_list":["post-184","page","type-page","status-publish","hentry"],"_links":{"self":[{"href":"https:\/\/sknunmanned.polsl.pl\/index.php?rest_route=\/wp\/v2\/pages\/184","targetHints":{"allow":["GET"]}}],"collection":[{"href":"https:\/\/sknunmanned.polsl.pl\/index.php?rest_route=\/wp\/v2\/pages"}],"about":[{"href":"https:\/\/sknunmanned.polsl.pl\/index.php?rest_route=\/wp\/v2\/types\/page"}],"author":[{"embeddable":true,"href":"https:\/\/sknunmanned.polsl.pl\/index.php?rest_route=\/wp\/v2\/users\/3"}],"replies":[{"embeddable":true,"href":"https:\/\/sknunmanned.polsl.pl\/index.php?rest_route=%2Fwp%2Fv2%2Fcomments&post=184"}],"version-history":[{"count":0,"href":"https:\/\/sknunmanned.polsl.pl\/index.php?rest_route=\/wp\/v2\/pages\/184\/revisions"}],"wp:attachment":[{"href":"https:\/\/sknunmanned.polsl.pl\/index.php?rest_route=%2Fwp%2Fv2%2Fmedia&parent=184"}],"curies":[{"name":"wp","href":"https:\/\/api.w.org\/{rel}","templated":true}]}}